 z = -52 + 95. Suppose o = -a + 28, 0 = 5*a - 4*a - 4*o - z. What is the remainder when a is divided by g?
15
Suppose 4*a = 7*a - 174. Calculate the remainder when a is divided by 20.
18
What is the remainder when 63 + -2 + 5 + -3 is divided by 13?
11
Suppose h + 4*p = -12, -3*h - p + 6*p + 15 = 0. Let w(d) = d + 35. Calculate the remainder when w(h) is divided by 9*3*(-3)/(-9).
8
Suppose 2*h = w + 83, -3*h + 3*w - w + 125 = 0. Calculate the remainder when h is divided by 22.
19
Suppose -243 = 7*k - 10*k. What is the remainder when k is divided by 28?
25
Let b = 88 - -2. Suppose -b = -k + 2*g, 0 = 5*g - 18 + 3. Suppose 5*t = -2*s + 94, -3*t = 2*t + 3*s - k. Calculate the remainder when 53 is divided by t.
17
Let w(y) = y**2 - y - 2. Suppose 0*l + 5*d = -3*l - 61, l + 4*d + 25 = 0. Let u = l + 24. Calculate the remainder when u is divided by w(3).
3
Suppose -5*g + 1 = -19. Let k(y) = -2*y**2 - 3*y - 9. Let n(d) = -d**2 - 2*d - 8. Let f(i) = 2*k(i) - 3*n(i). What is the remainder when f(0) is divided by g?
2
Suppose -p + 10 = p. Suppose 15 = -3*r, 4 + 121 = p*b + 2*r. What is the remainder when b is divided by 14?
13
Let k be (1 + -1)*(3 - 2). Suppose -4*s - 6 + 18 = k. Suppose -9 = -2*u - u. What is the remainder when u is divided by s?
0
Let q = 80 + -11. Suppose -3*x + q = -21. What is the remainder when x is divided by 16?
14
Let w = -38 - -128. Calculate the remainder when w is divided by 19.
14
Suppose -24 = -4*g - 2*x, 3*g - 8 = -g + 2*x. Suppose -g*v + 179 = 3*r, -2*r - 2*v + 117 = 3*v. Calculate the remainder when r is divided by 21.
19
Let o = 8 + 4. Suppose 11 = f - 9. Suppose -f - 2 = -r. What is the remainder when r is divided by o?
10
Let s(q) = q**2 - 6*q - 11. Let d be s(8). Suppose -d*z = -5, 3*k - 3*z - 5 = 2*k. Let b = 15 + 8. What is the remainder when b is divided by k?
7
Let q = 17 - 11. Calculate the remainder when 21 is divided by q.
3
What is the remainder when (-21)/(-3)*(-4 + (-352)/(-28)) is divided by 22?
16
Let r(z) = 5*z**2 + 4*z + 16. What is the remainder when r(-4) is divided by 27?
26
Let l(o) be the first derivative of o**3/3 - 5*o**2/2 + 6*o - 3. Let q = 33 + -17. Calculate the remainder when q is divided by l(5).
4
Suppose 2*d - 16 = 24. Calculate the remainder when 77 is divided by d.
17
Let o(c) = -c**3 + 5*c**2 + 8. Let n be o(7). Calculate the remainder when n/(-4) - 3/6 is divided by 12.
10
Let y = -20 + 31. What is the remainder when 17 is divided by y?
6
Calculate the remainder when 30 is divided by (-117)/39 + (7*2 - -1).
6
Let m = -135 - -189. Calculate the remainder when m is divided by 29.
25
Suppose 3*l - 1 = -19. Calculate the remainder when 9/l + (-66)/(-4) is divided by 6.
3
Let a(t) = -t**3 + 11*t**2 - 9*t + 3. Let k be a(4). Suppose -3*g - 176 = g. Let m = g + k. Calculate the remainder when m is divided by 12.
11
Let t be (8/12)/((-1)/39). Let x = 18 + 72. Let m = t + x. Calculate the remainder when m is divided by 22.
20
Let d(y) = y - 1. Calculate the remainder when 2 - (27 + -3)/(-6) is divided by d(3).
0
Suppose 0 = 2*f - 8. What is the remainder when 9 is divided by f?
1
Suppose 0 = 3*l - 17 - 148. Calculate the remainder when l is divided by 177/9 - 6/9.
17
Suppose 6 - 23 = -x. Suppose 0 = -3*o - o + 132. What is the remainder when o is divided by x?
16
Let v(n) = n + 4. Let f be v(-7). Let k = f - -15. What is the remainder when k is divided by 7?
5
Suppose 7*y = 4*y - 102. Let q be (5/4)/((-28)/(-112)). Let t = q - y. What is the remainder when t is divided by 10?
9
Suppose t - 1 = 2*p - 46, -3*t = -5*p + 113. Let j = 94 - 29. What is the remainder when j is divided by p?
21
Suppose -5*n = 2*f - 90, 5*f = n + 187 + 38. What is the remainder when f is divided by 12?
9
Suppose -b = -5*q - 0*b + 418, -4*q + 341 = -3*b. Calculate the remainder when q is divided by 29.
25
Let b = 3 + 2. Suppose b*s + 0*s - 5 = 0. What is the remainder when s is divided by 1?
0
Suppose 3*i = 4*j + 7, 5*j = 4*i - 0*i - 11. What is the remainder when 13 is divided by i?
4
Suppose -2*x + 66 - 4 = 0. Suppose 5 = t - 6. What is the remainder when x is divided by t?
9
Suppose 0 = 3*h + 2*g + 23, -h - h - 18 = 4*g. Let o = 17 - h. What is the remainder when o is divided by 5?
4
Let w(n) = 4*n**2 + 2*n. Let r(t) = 5*t. Let m be r(1). Suppose -d = -2*l + 49, -3*d - 55 = -m*l + 70. Calculate the remainder when l is divided by w(-2).
10
Let u(o) = o**2 + 3. Let d be u(0). Let l = d + 3. Let k = 19 - l. What is the remainder when 38 is divided by k?
12
Suppose 3 = -y - 2. Let g = y - -13. What is the remainder when 30 is divided by g?
6
Let p be (-57)/27*-3*-18. Let x = p + 188. Let i = -15 + x. What is the remainder when i is divided by 20?
19
Let n(z) = 2*z**2 - 3. Let q(x) be the second derivative of 2*x**3/3 - 3*x. What is the remainder when q(7) is divided by n(3)?
13
Suppose -3*g + z + 93 = 16, 4*z - 100 = -5*g. Calculate the remainder when 93 is divided by g.
21
Let i(a) = 6*a**2 - 4*a + 3. Calculate the remainder when 5 is divided by i(1).
0
Let g = 119 - 75. What is the remainder when g is divided by 6?
2
Let q(x) = 19*x**2 + x - 1. Let s(b) = -57*b**2 - 4*b + 3. Let y(h) = 7*q(h) + 2*s(h). Let f = 25 - -31. Calculate the remainder when f is divided by y(-1).
18
Let t(b) = -b - 4. Let x be t(-7). Suppose 3*w = -r + 31, w - r - 39 = -x*w. Calculate the remainder when 19 is divided by w.
9
Let a = 79 + -40. Suppose 21*m - 16*m = 70. Calculate the remainder when a is divided by m.
11
Let x(d) = d**3 + 8*d**2 - 34*d + 4. What is the remainder when 1 + (-1 - (1 + -44)) is divided by x(-11)?
13
Suppose -x - w - 5 = -1, -5*x - w = 0. What is the remainder when -51*x*1/(-3) is divided by 6?
5
Let f = 73 - 103. Let j = -8 - f. What is the remainder when 65 is divided by j?
21
Calculate the remainder when (-3 + 5)/(-8) - 249/(-4) is divided by 9.
8
Suppose 0 = -4*s + 5*i + 369, -2*s + i = 2*s - 349. What is the remainder when s is divided by 29?
28
Let z = 14 - -11. Suppose 13 = b - 2*l, 3*b - 5*l - 44 = -5. Calculate the remainder when z is divided by b.
12
Let t = 18 - 13. Let c(f) = -20*f - t + 8*f + 7*f**2 + f**3 - 5 + 1. Calculate the remainder when c(-8) is divided by 8.
7
Calculate the remainder when 81 is divided by -2*((-23)/2 - -3).
13
Let n(o) = o + 15. Let d be n(-10). Suppose -6 - 84 = -d*t. What is the remainder when t is divided by 7?
4
Suppose -w + 52 = x, 0*x - 4*w + 46 = x. Let d = -17 + x. Calculate the remainder when d is divided by 13.
11
Let m = -5 - -3. Calculate the remainder when 9 is divided by -2 + (-5 - -1)*m.
3
Suppose 0 = -3*h - x - 37, 0 = -3*h - 5*x - 29. Let q = h - -18. What is the remainder when 9 is divided by q?
4
Let b(n) = n**2 + 13*n + 16. Let f be b(-12). Suppose 4*s - 32 = -f*u, 4*u = 5*s - 16 + 3. What is the remainder when 7 is divided by s?
2
What is the remainder when (-57)/15*(-10)/2 is divided by 4?
3
Suppose -241 - 289 = -10*a. Calculate the remainder when a is divided by 14.
11
Suppose 0*u - 4*u = 0. Suppose 0 = -u*n - 3*n + 18. Suppose n = -y + 23. Calculate the remainder when y is divided by 6.
5
Let l(w) = -7*w - 2. Let f be l(1). Let b(j) = -3*j + 2. Calculate the remainder when b(f) is divided by 16.
13
Let h(y) = -y**2 - 15*y - 10. Let q(p) = 6*p**2 + p - 2. Calculate the remainder when h(-8) is divided by q(2).
22
Suppose 0 = -22*q + 25*q - 6. Calculate the remainder when 11 is divided by q.
1
Suppose -3*r + 2*r + 13 = 0. Suppose -96 = c - 5*c. What is the remainder when c is divided by r?
11
Let t(g) = 5*g - 12. What is the remainder when 124 is divided by t(6)?
16
Suppose -4*t + t - 15 = 0. Let q(v) = -3*v + 7. What is the remainder when 65 is divided by q(t)?
21
Let s(n) = n**3 + 13*n**2 + 13*n - 18. Let d(u) = -u**3 - 13*u**2 - 14*u + 19. Let b(o) = 5*d(o) + 6*s(o). Calculate the remainder when b(-12) is divided by 9.
8
Suppose -3*v + 4*v - 4*d = -4, 2*d = -5*v + 2. Suppose 4*j - j - 36 = v. Calculate the remainder when 33 is divided by j.
9
Suppose 2*w - 25 = -15. What is the remainder when 5 is divided by w?
0
Let y(x) = -x**3 + 9*x**2 + 15*x - 12. Let a be y(10). Suppose 7*u - a = 5*u. Calculate the remainder when u is divided by 5.
4
Let i = -40 + 56. What is the remainder when i is divided by 9?
7
Suppose 2*g = g + 20. What is the remainder when 97